, what is -94 - 0?
-94
In base 3, what is -10 - 2110?
-2120
In base 11, what is -2 + 75?
73
In base 11, what is 15 - -1?
16
In base 8, what is 2 + -3354?
-3352
In base 12, what is 7ab0 - 5?
7aa7
In base 6, what is 21 + 150?
211
In base 15, what is b1 - 4?
ac
In base 11, what is 5 - -95?
9a
In base 5, what is 210 - -2402?
3112
In base 6, what is 4 + 32?
40
In base 9, what is 1 - 20?
-18
In base 8, what is 0 + 50?
50
In base 3, what is 101221 + 1021?
110012
In base 7, what is 4 + 222?
226
In base 15, what is 256 - -4?
25a
In base 15, what is -16d - -1?
-16c
In base 10, what is 17 + 302?
319
In base 7, what is -231 + -5?
-236
In base 9, what is -217 + -3?
-221
In base 8, what is -737 + -1?
-740
In base 4, what is 12031 - 100?
11331
In base 4, what is -1323 - -20?
-1303
In base 13, what is -5 + c?
7
In base 8, what is 25 - -1752?
1777
In base 6, what is 11252 - 0?
11252
In base 7, what is 42350 - 0?
42350
In base 16, what is 14 + 328?
33c
In base 2, what is 1011001111 - 0?
1011001111
In base 16, what is -78 - -153?
db
In base 7, what is -214 - 5?
-222
In base 5, what is -3 + -241?
-244
In base 16, what is -2 - -14?
12
In base 11, what is -8 - -25?
18
In base 16, what is -10 - 23?
-33
In base 3, what is 120 + -20012?
-12122
In base 9, what is -3 - 16?
-20
In base 12, what is -3 - -236?
233
In base 8, what is 5 + 12612?
12617
In base 5, what is -1212 - -10?
-1202
In base 6, what is -2333 - -3?
-2330
In base 12, what is 1 - 4a0?
-49b
In base 12, what is 4b - 21?
2a
In base 11, what is 2 - -40?
42
In base 13, what is -4 + -20?
-24
In base 4, what is -3 - -23?
20
In base 3, what is 21020 - -121?
21211
In base 4, what is -221 + -11?
-232
In base 4, what is 2 + 120133?
120201
In base 15, what is 2ba - 2?
2b8
In base 6, what is 5 + -135?
-130
In base 15, what is -6 - -d?
7
In base 13, what is 4 - 11?
-a
In base 10, what is 207 + 1?
208
In base 9, what is 167 + -5?
162
In base 16, what is 0 - -9?
9
In base 6, what is -3 + 232?
225
In base 7, what is -122 + -12?
-134
In base 3, what is 100 + 2222201?
10000001
In base 15, what is -69 + -36?
-a0
In base 11, what is -a9 - -3?
-a6
In base 4, what is 3 + -223?
-220
In base 15, what is 3 + 166?
169
In base 4, what is 10311 + 10?
10321
In base 5, what is 0 + -33022?
-33022
In base 14, what is 8 + -21?
-17
In base 12, what is -3 + -a91?
-a94
In base 12, what is 157 + -2?
155
In base 13, what is 233 - 8?
228
In base 2, what is 10110110101 - 1?
10110110100
In base 5, what is -230222 + -4?
-230231
In base 15, what is c - 242?
-235
In base 12, what is aa - -24?
112
In base 16, what is -4 + 26d?
269
In base 8, what is 260 + 4?
264
In base 9, what is -52 + -4?
-56
In base 4, what is -120 - 10?
-130
In base 8, what is -4 - 2?
-6
In base 4, what is 113202 + -3?
113133
In base 10, what is 17 + -11?
6
In base 4, what is -2 - 232?
-300
In base 10, what is 3 + -752?
-749
In base 9, what is -1115 + 1?
-1114
In base 15, what is 5 + 138?
13d
In base 8, what is -36133 - -3?
-36130
In base 7, what is -42136 + -3?
-42142
In base 14, what is -15 - -17?
2
In base 2, what is 100110 - 10111?
1111
In base 12, what is 2 + 33?
35
In base 11, what is 528 - -3?
530
In base 9, what is -203 + 13?
-180
In base 4, what is 1311 + -3?
1302
In base 3, what is 1112 - -2?
1121
In base 3, what is 11100 - -1?
11101
In base 2, what is 1111 + 110?
10101
In base 11, what is -1 - -71a?
719
In base 16, what is -4 + abe?
aba
In base 9, what is 13 + -251?
-237
In base 15, what is -5 - -33e?
339
In base 5, what is 103 - -1004?
1112
In base 11, what is 1 + 132?
133
In base 12, what is 2 + -12?
-10
In base 15, what is -24 - 205?
-229
In base 13, what is -49 - 1?
-4a
In base 13, what is 26 + -8?
1b
In base 16, what is 14 - 8?
c
In base 9, what is -2 + 152?
150
In base 10, what is 470 - -3?
473
In base 6, what is -55 + 3?
-52
In base 11, what is -111 + 2?
-10a
In base 6, what is -3 + 1220?
1213
In base 13, what is -5a - 3?
-60
In base 11, what is 150 + -19?
132
In base 7, what is -10 - 1?
-11
In base 9, what is 1042 + 10?
1052
In base 13, what is 169 + 0?
169
In base 9, what is -13 + -33?
-46
In base 13, what is -1 + 1746?
1745
In base 11, what is 144 + -8?
137
In base 16, what is 1 - -47d?
47e
In base 11, what is 1 + -1a?
-19
In base 11, what is 516 - 0?
516
In base 13, what is -132a - -9?
-1321
In base 16, what is 288b + -3?
2888
In base 10, what is -1560 + -5?
-1565
In base 2, what is -10000001001110 + -100?
-10000001010010
In base 10, what is 0 - -40?
40
In base 11, what is 3a4 + 2?
3a6
In base 11, what is 3 + 15?
18
In base 5, what is 32 - -2?
34
In base 9, what is 5 + 218?
224
In base 4, what is -3123 + 0?
-3123
In base 16, what is ac27 - 0?
ac27
In base 9, what is -14 - 2?
-16
In base 5, what is 123 + -3?
120
In base 16, what is 4 + 26?
2a
In base 7, what is 1064 - 1?
1063
In base 6, what is -3 - 1101?
-1104
In base 6, what is -1 + 403?
402
In base 6, what is -532 + 0?
-532
In base 9, what is 0 + -471?
-471
In base 16, what is 3 + 37?
3a
In base 6, what is 4 - -303?
311
In base 16, what is 20 + -e?
12
In base 3, what is -2 - -110?
101
In base 3, what is 12222 + -1201?
11021
In base 5, what is -142344 + -10?
-142404
In base 3, what is 1 + 12?
20
In base 11, what is 142 + -20?
122
In base 7, what is 4260 - -1?
4261
In base 7, what is 206202 + 4?
206206
In base 8, what is -66 - 5?
-73
In base 9, what is 26 - 12?
14
In base 4, what is -12 + -10?
-22
In base 6, what is 4 + 30211?
30215
In base 5, what is -1 - 3211?
-3212
In base 12, what is 71 + 10?
81
In base 15, what is 25 + 2?
27
In base 8, what is 5 + 551?
556
In base 5, what is -10222 + 24?
-10143
In base 7, what is -10 - -4?
-3
In base 13, what is 38 + 9?
44
In base 12, what is -4a - 81?
-10b
In base 14, what is -16 - 1d4?
-20a
In base 11, what is -32 + 14?
-19
In base 12, what is -446 + 4?
-442
In base 16, what is -8a - -3?
-87
In base 12, what is -2 + -42?
-44
In base 10, what is -58 - 9?
-67
In base 14, what is 0 - 326?
-326
In base 8, what is 23 - 0?
23
In base 11, what is 12 + 4?
16
In base 12, what is 2 + -37?
-35
In base 16, what is -14d + -4?
-151
In base 5, what is 443 - 2?
441
In base 3, what is -2 - 22211101?
-22211110
In base 2, what is -100111111100 + -10?
-100111111110
In base 9, what is -4 - 77?
-82
In base 12, what is 3 - -a?
11
In base 9, what is -8058 - 5?
-8064
In base 8, what is 2 + 157?
161
In base 11, what is 5 + 32?
37
In base 3, what is -2 - -222?
220
In base 5, what is -2 - 44?
-101
In base 2, what is 1 + -110011?
-110010
In base 5, what is 211 + -13?
143
In base 2, what is 110100 - 1011?
101001
In base 7, what is 22 - -23?
45
In base 6, what is -220 - -3?
-213
In base 14, what is 25 + 30?
55
In base 3, what is -22 + 101?
2
In base 9, what is 160 - 0?
160
In base 2, what is 1011111000 + 100?
1011111100
In base 2, what is -1100000110 - 100?
-1100001010
In base 9, what is 4673 - 5?
4667
In base 2, what is -1110 - 110?
-10100
In base 9, what is -5 + -650?
-655
In base 2, what is -11100010110 - 100?
-11100011010
In base 15, what is 94 + 2c?
c1
In base 15, what is -c - -4?
-8
In base 3, what is 122 - -2212?
10111
In base 2, what is -10111 - 10010?
-101001
In base 11, what is 186 - -78?
253
In base 9, what is 200 + -1?
188
In base 5, what is 10 + -13431?
-13421
In base 8, what is 5 + 37?
44
In base 14, what is 11b + 4?
121
In base 13, what is -5 - 8a?
-92
In base 10, what is 1 - 1444?
-1443
In base 4, what is 302 + -2130?
-1222
In base 8, what is 552 + -5?
545
In base 13, what is 579 - 20?
559
In base 14, what is 3 + -23?
-20
In base 15, what is -154 - 8?
-15c
In base 10, what is 6 - 3?
3
In base 13, what is 592 + -9?
586
In base 9, what is -2 + 4430?
4427
In base 6, what is 0 + -124?
-124
In base 14, what is 362 + -4?
35c
In base 10, what is 34 + 3?
37
In base 7, what is -21 - -1421?
1400
In base 16, what is 0 - -67?
67
In base 5, what is -2 + 101034?
101032
In base 8, what is 3600 - 4?
3574
In base 5, what is 22 - -1121?
1143
In base 4, what is -311212 + -11?
-311223
In base 12, what is 1035 + -5?
1030
In base 14, what is -3158 - -1?
-3157
In base 5, what is 142140 - 1?
142134
In base 4, what is -1 + -3?
-10
In base 10, what is 5 - 155?
-150
In base 13, what is 150 - -3?
153
In base 13, what is 3 + -29?
-26
In base 13, what is -5 + -5c?
-64
In base 4, what is -1001221 + 2?
-100121